multiple of 51?
False
Is 156 a multiple of 4?
True
Is 754 a multiple of 43?
False
Is 5817 a multiple of 21?
True
Is 234 a multiple of 6?
True
Is 11 a factor of 103?
False
Is 118 a factor of 5507?
False
Is 2 a factor of 533?
False
Does 37 divide 1221?
True
Does 135 divide 26856?
False
Is 792 a multiple of 22?
True
Is 14 a factor of 6832?
True
Is 23 a factor of 11592?
True
Is 13 a factor of 3356?
False
Is 1080 a multiple of 60?
True
Does 29 divide 940?
False
Does 66 divide 2634?
False
Is 116 a multiple of 101?
False
Is 89 a factor of 3704?
False
Is 210 a factor of 19530?
True
Is 11 a factor of 636?
False
Is 8826 a multiple of 12?
False
Is 27265 a multiple of 7?
True
Is 9187 a multiple of 83?
False
Does 18 divide 306?
True
Does 21 divide 231?
True
Is 80 a factor of 273?
False
Does 22 divide 242?
True
Is 7 a factor of 8310?
False
Does 47 divide 9178?
False
Is 49 a multiple of 7?
True
Is 4 a multiple of 4?
True
Is 170 a factor of 67660?
True
Is 10548 a multiple of 36?
True
Is 7337 a multiple of 24?
False
Is 9485 a multiple of 11?
False
Does 40 divide 8292?
False
Does 3 divide 1334?
False
Is 5195 a multiple of 7?
False
Does 131 divide 75456?
True
Is 105 a factor of 18795?
True
Does 32 divide 134192?
False
Is 10 a factor of 21610?
True
Is 98 a factor of 196?
True
Is 4540 a multiple of 10?
True
Is 35034 a multiple of 271?
False
Is 13 a factor of 543?
False
Is 12 a factor of 300?
True
Does 93 divide 279?
True
Does 15 divide 795?
True
Does 57 divide 768?
False
Is 2283 a multiple of 4?
False
Is 10 a factor of 13184?
False
Is 10 a factor of 8570?
True
Is 27714 a multiple of 31?
True
Is 9636 a multiple of 44?
True
Does 13 divide 3432?
True
Is 20 a factor of 15100?
True
Is 510 a multiple of 30?
True
Is 55 a factor of 49820?
False
Is 603 a multiple of 42?
False
Is 1167 a multiple of 24?
False
Does 16 divide 15712?
True
Does 3 divide 19849?
False
Does 111 divide 4197?
False
Is 4 a factor of 1412?
True
Does 26 divide 507?
False
Is 19 a factor of 88122?
True
Does 5 divide 1630?
True
Is 13543 a multiple of 16?
False
Does 18 divide 21407?
False
Does 26 divide 1040?
True
Is 611 a multiple of 47?
True
Does 11 divide 2409?
True
Does 3 divide 4473?
True
Is 2090 a multiple of 55?
True
Does 22 divide 1201?
False
Is 89311 a multiple of 67?
True
Does 87 divide 1719?
False
Is 912 a multiple of 76?
True
Does 22 divide 365?
False
Is 2937 a multiple of 33?
True
Does 5 divide 670?
True
Is 4 a factor of 12491?
False
Is 2236 a multiple of 26?
True
Is 3915 a multiple of 15?
True
Is 71 a factor of 26472?
False
Is 4 a factor of 385?
False
Is 26857 a multiple of 62?
False
Does 31 divide 3596?
True
Is 73 a factor of 219?
True
Is 63 a factor of 21231?
True
Does 9 divide 6778?
False
Is 17 a factor of 1388?
False
Is 729 a multiple of 27?
True
Does 5 divide 561?
False
Is 20 a factor of 3769?
False
Does 66 divide 528?
True
Is 936 a multiple of 24?
True
Does 10 divide 2764?
False
Is 160 a factor of 7840?
True
Is 33983 a multiple of 69?
False
Is 15449 a multiple of 111?
False
Is 43655 a multiple of 7?
False
Is 133 a multiple of 6?
False
Is 9821 a multiple of 61?
True
Is 6 a factor of 3071?
False
Does 12 divide 768?
True
Is 13 a factor of 858?
True
Is 25 a factor of 4850?
True
Is 18 a factor of 6982?
False
Is 3528 a multiple of 56?
True
Is 15306 a multiple of 24?
False
Is 408 a multiple of 34?
True
Does 38 divide 1598?
False
Does 37 divide 552?
False
Does 42 divide 58266?
False
Does 28 divide 476?
True
Does 81 divide 35053?
False
Is 768 a multiple of 16?
True
Is 190 a factor of 2850?
True
Is 2496 a multiple of 13?
True
Does 34 divide 1594?
False
Is 162 a multiple of 16?
False
Is 66 a factor of 46530?
True
Does 15 divide 12165?
True
Is 31 a factor of 2418?
True
Does 86 divide 439?
False
Is 413 a multiple of 38?
False
Does 38 divide 8485?
False
Does 9 divide 25?
False
Is 4063 a multiple of 40?
False
Is 1815 a multiple of 55?
True
Is 24 a factor of 80?
False
Is 351 a multiple of 13?
True
Is 711 a multiple of 10?
False
Is 34995 a multiple of 16?
False
Is 110 a factor of 2480?
False
Is 44 a factor of 132?
True
Does 34 divide 1020?
True
Does 7 divide 31773?
True
Is 10 a factor of 11490?
True
Is 14 a factor of 1442?
True
Is 8 a factor of 4760?
True
Is 9 a factor of 41?
False
Does 63 divide 594?
False
Does 31 divide 849?
False
Is 616 a multiple of 22?
True
Is 690 a multiple of 6?
True
Does 8 divide 3158?
False
Does 9 divide 234?
True
Is 400 a multiple of 10?
True
Does 28 divide 5419?
False
Is 33437 a multiple of 89?
False
Is 29 a factor of 1015?
True
Does 29 divide 522?
True
Is 23406 a multiple of 6?
True
Is 18 a factor of 1009?
False
Is 17 a factor of 1581?
True
Is 14 a factor of 38094?
True
Is 3 a factor of 876?
True
Is 308 a factor of 11555?
False
Is 14 a factor of 2096?
False
Does 362 divide 41325?
False
Is 843 a multiple of 3?
True
Does 16 divide 431?
False
Is 706 a multiple of 71?
False
Is 273 a multiple of 21?
True
Is 11 a factor of 39039?
True
Is 7 a factor of 45?
False
Is 17 a factor of 969?
True
Is 37 a factor of 16502?
True
Does 80 divide 77120?
True
Is 9969 a multiple of 10?
False
Is 94 a factor of 2842?
False
Does 59 divide 44486?
True
Is 14 a factor of 54600?
True
Is 11 a factor of 675?
False
Is 91 a factor of 5278?
True
Does 110 divide 39050?
True
Does 45 divide 4577?
False
Is 1932 a multiple of 12?
True
Is 89 a factor of 89?
True
Is 60 a factor of 584?
False
Is 23 a factor of 248?
False
Is 12695 a multiple of 12?
False
Does 137 divide 8768?
True
Is 4 a factor of 207?
False
Is 12 a factor of 27300?
True
Is 45 a factor of 3735?
True
Does 24 divide 34773?
False
Does 34 divide 8976?
True
Is 13 a factor of 1673?
False
Does 301 divide 848?
False
Is 1074 a multiple of 28?
False
Is 14926 a multiple of 30?
False
Does 15 divide 3690?
True
Is 49 a factor of 68506?
False
Is 170 a factor of 7820?
True
Is 625 a multiple of 17?
False
Is 186 a multiple of 31?
True
Is 15 a factor of 439?
False
Is 7 a factor of 553?
True
Is 145 a factor of 1160?
True
Is 12 a factor of 1895?
False
Is 20 a factor of 2880?
True
Is 12 a factor of 444?
True
Is 4268 a multiple of 22?
True
Does 169 divide 1183?
True
Is 465 a multiple of 15?
True
Is 29479 a multiple of 41?
True
Is 18 a factor of 522?
True
Does 7 divide 325?
False
Is 929 a multiple of 31?
False
Is 2 a factor of 2642?
True
Does 11 divide 151?
False
Is 9989 a multiple of 174?
False
Does 12 divide 16501?
False
Is 20 a factor of 1586?
False
Does 9 divide 85347?
True
Is 7513 a multiple of 41?
False
Does 44 divide 2156?
True
Is 30 a multiple of 10?
True
Does 2 divide 124?
True
Does 38 divide 1144?
False
Does 182 divide 2548?
True
Is 25 a factor of 250?
True
Is 29430 a multiple of 9?
True
Is 32 a factor of 33?
False
Is 275 a multiple of 14?
False
Does 42 divide 4673?
False
Is 65 a factor of 60437?
False
Does 5 divide 5460?
True
Does 52 divide 3526?
False
Is 51 a factor of 29121?
True
Is 910 a multiple of 70?
True
Is 12 a factor of 12372?
True
Is 56880 a multiple of 6?
True
Does 13 divide 12860?
False
Does 11 divide 3729?
True
Is 18 a factor of 682?
False
Is 367 a multiple of 83?
False
Does 48 divide 2931?
False
Is 11960 a multiple of 52?
True
Is 241 a multiple of 20?
False
Does 72 divide 2468?
False
Does 38 divide 798?
True
Does 9 divide 1287?
True
Is 2822 a multiple of 5?
False
Is 105 a multiple of 22?
False
Does 37 divide 16310?
False
Is 6953 a multiple of 17?
True
Is 76041 a multiple of 216?
False
Is 10 a factor of 20680?
True
Does 54 divide 3726?
True
Does 9 divide 785?
False
Is 63 a factor of 102375?
True
Is 2 a factor of 188?
True
Is 648 a multiple of 15?
False
Is 21901 a multiple of 11?
True
Does 2 divide 511?
False
Is 5835 a multiple of 15?
True
Is 338 a multiple of 26?
True
Does 11 divide 11?
True
Does 32 divide 6336?
True
Is 3188 a multiple of 30?
False
Is 1493 a multiple of 127?
False
Does 39 divide 312?
True
Does 34 divide 9391?
False
Is 408 a multiple of 8?
True
Does 23 divide 161?
True
Is 13343 a multiple of 71?
False
Is 101 a factor of 42521?
True
Is 2465 a multiple of 24?
False
Does 208 divide 30363?
False
Is 38 a factor of 646?
True
Is 1508 a multiple of 29?
True
Is 16 a factor of 1807?
False
Is 8172 a multiple of 18?
True
Does 8 divide 86?
False
Is 40 a factor of 112211?
False
Is 5301 a multiple of 9?
True
Does 180 divide 11842?
False
Does 31 